 0. Let w = c - i. What is the units digit of w?
0
What is the thousands digit of 798804/468 - (1 - (-45)/(-39))?
1
Let y(g) = g**2 - 10*g + 4. Let h be y(10). What is the tens digit of 2457/35 + h/5?
7
Suppose -3*s - 2*s = -45. Suppose -s*y + 85 = -4*y. What is the units digit of y?
7
Suppose -3*p = -5*d + 14080, 11237 = -d + 5*d + 3*p. What is the hundreds digit of d?
8
Suppose -g + 225 + 36 = -5*p, 4*g - 1044 = -5*p. Suppose -3*x + 102 = -g. What is the units digit of x?
1
Suppose -10*j + 13*j = -27. What is the units digit of (-20)/(-90) + -440*2/j?
8
Let k(d) be the first derivative of d**3/3 - 9*d**2/2 - 25*d + 38. What is the tens digit of k(12)?
1
Suppose 2*z - g - 1659 = 0, z - 2*g - 843 = -6*g. What is the hundreds digit of z?
8
Let w(v) = 6*v - 8. Let y(t) = t - 1. Let u(j) = -w(j) - 5*y(j). Let g(x) = 7*x - 9. Let m(i) = 7*g(i) + 5*u(i). What is the units digit of m(-2)?
4
Let n(a) = 6*a**2 - 3*a - 25. What is the units digit of n(-7)?
0
Suppose 3*s - 194 = -5*d, -4*s + 121 + 166 = d. Let u = 139 - s. What is the units digit of u?
6
Let i = -13 + 25. Suppose a + i = -5*f - 16, 61 = -2*a - 5*f. Let p = 2 - a. What is the tens digit of p?
3
Let a(b) = -b**2 - 24*b - 14. Let x be a(-14). What is the tens digit of (-28)/x - ((-2112)/(-27))/(-1)?
7
Let r = -16 - -19. Suppose n = f - 98, r*f + 78 = 4*f + 4*n. What is the units digit of f?
4
Suppose 8*g - 7*g - 14 = 0. Suppose 5*f - 366 = g. What is the units digit of f?
6
Suppose -23*m + 5*l = -26*m + 769, m + 3*l - 251 = 0. What is the tens digit of m?
6
Suppose 522 - 2210 = -4*k. Suppose 0 = 2*c - 2*f - 428, -3*c = -5*c + 5*f + k. What is the tens digit of c?
1
What is the thousands digit of (-12 - -15) + ((-2833)/(-1) - 2)?
2
Let a be -4 - -36 - -3 - -2. Let o = a + -34. What is the units digit of o?
3
What is the hundreds digit of -2718*15/9*(-20)/50?
8
Let g be (-8)/(-2) - (-7 - 2). Suppose l + 24 = 16. Let r = l + g. What is the units digit of r?
5
Let s be ((-70)/(-6))/(7/126). Suppose -2*t + s = t. What is the units digit of t?
0
Let k be (1 - 52/10)/((-1)/215). Suppose -k = -6*t - t. What is the units digit of t?
9
Suppose 4*z - 22 = -a + 3*a, 3*a = 2*z - 13. Suppose 0 = -4*s - j + 222, 0*j = -z*s - j + 278. What is the units digit of s?
6
Let h(f) = f**2 + 17*f - 30. Let u be h(-17). Let x = u + 66. What is the units digit of x?
6
Let a(x) = 388*x**3 - 2*x**2 - 2*x - 1. Let g be a(-1). Let k = -172 - g. What is the hundreds digit of k?
2
Let r(w) = w**2 - 3*w - 6. Let d be r(5). Suppose 0 = -4*s - k + 172, -2*k - 87 = -d*s + 73. What is the units digit of s/9*(-72)/(-28)?
2
Suppose 4*r - 4*h - 68 = 5*r, r - 3*h = -82. Let d = 164 + r. What is the tens digit of d?
8
Let h(v) = -2*v**3 - 16*v**2 - 37*v - 6. What is the hundreds digit of h(-10)?
7
Suppose 3*u - 3 - 3 = 0. Let o(i) = -u - 3*i + 0*i + 4*i - 2*i. What is the units digit of o(-8)?
6
Let r be 1287/55 - 4/10. Suppose -r = 7*m - 646. What is the tens digit of m?
8
Suppose -5*v = -h - 2, 3*h + 2*h - 3*v = 12. Suppose -3*p + q = p + 12, 2*p = h*q - 6. What is the units digit of (5 + p)/((-4)/(-46))?
3
Suppose 23 = 6*k - 7. Suppose -k*w = n - 66, -80 = 5*n - 4*w - 381. What is the units digit of n?
1
Suppose -4*v - 1980 = -3*r, 4*v = -2*r - r + 1980. What is the hundreds digit of r?
6
Suppose p - 5*x = -0*p + 18, -x = -2*p + 9. Suppose -255 = -2*h - 2*h - p*t, 4*h - 215 = 5*t. What is the units digit of (4/6)/(8/h)?
5
Let y(g) = 3*g**2 + 2*g + 1. Let w be 3/(-1) + 0*2/14. What is the units digit of y(w)?
2
Let n(k) = k + 2. Let q be n(3). Suppose 0 = q*r + 2 - 17. Suppose -56 - 43 = -r*w. What is the tens digit of w?
3
Let m = 968 - 687. Suppose 0*b = 5*b - 2*o - 755, -m = -2*b + 5*o. What is the units digit of b?
3
Suppose 7*p = -0*p. Suppose -4*c + 4 = 0, 3*h + 7*c - 4*c - 72 = p. What is the units digit of h?
3
Let w = 44 - -261. What is the tens digit of w?
0
What is the units digit of 487/(1 + -7 - 279/(-45))?
5
Let z = -4 - 14. Let y = z - -122. What is the units digit of y?
4
Let c = -138 + 89. Let a = -176 - -105. Let z = c - a. What is the units digit of z?
2
Let h be 1/(2/(42/(-3))). Let t(l) = 4*l + 5 + l**2 + 1 - 2. What is the tens digit of t(h)?
2
Let w(h) = 6*h**2 - 35*h - 82. Let t(k) = 7*k**2 - 36*k - 82. Let p(a) = 5*t(a) - 6*w(a). What is the hundreds digit of p(25)?
2
Suppose -58*p + 59*p - 485 = 0. What is the units digit of p?
5
What is the hundreds digit of (-2210 - 0)*(-11 - (-3 + -7))?
2
Let f(j) = 46*j**2 - 19*j - 1. What is the thousands digit of f(-5)?
1
Suppose -h - 1 = 2. Suppose 0 = 14*k - 13 - 1. What is the units digit of (h - -1) + 13/k?
1
Let r be 2 - (0/4)/(-1). Let v be r/8 + (-21)/4. What is the units digit of v/(-30) + (-269)/(-6)?
5
Let w = 2241 + -1506. What is the tens digit of w?
3
Let k(p) = -p**3 - p**2 - 14. Let c be k(0). Let s = c + 24. What is the tens digit of 648/20 - (-6)/s?
3
Let m = 88 + -86. Suppose 1194 - 394 = 3*d + m*q, 0 = 5*d - 5*q - 1375. What is the units digit of d?
0
Let v(t) = 2*t**2 + 15*t + 13. Let r be 56/(-6) + 10/(-15). What is the tens digit of v(r)?
6
Let j(y) = -4*y - 19. Let m be j(-6). Suppose 4*v - m*v + 2*u + 63 = 0, v - 70 = -5*u. What is the tens digit of v?
6
Suppose -12 - 44 = 3*y + q, 3*y + 5*q + 76 = 0. Suppose -59 = -10*j + 1. Let d = j - y. What is the units digit of d?
3
Let x = 180 + 502. What is the tens digit of x?
8
Let m(n) = -2*n**3 - 2*n - 2. Suppose -2*y - 44 = 2*y. Let k = y + 10. What is the units digit of m(k)?
2
What is the units digit of 3 - (14/77 - (-7506)/(-22))?
4
Suppose -6919 = 31*u - 48*u. What is the hundreds digit of u?
4
Let q be (-23)/5 + (-9)/(-15). Let r be (-60)/(-9)*(-6)/q. Suppose -24 = -y + r. What is the units digit of y?
4
Let j(m) = m**3 + 8*m**2 - 10*m - 3. Let b be j(-9). Let g be (-1*3)/(b/(-4)). Suppose -53 - g = -q. What is the units digit of q?
5
Suppose -a + 1 = 0, a = -15*h + 20*h - 4884. What is the units digit of h?
7
Suppose -12 = 26*m - 22*m, m = -5*i + 7692. What is the thousands digit of i?
1
Let q = 110 + -61. What is the units digit of q?
9
Let y(c) = c**2 + 2*c + 11. Suppose -3*w - 8 = 4*l, -4*w - 4 = -l + 5*l. What is the units digit of y(l)?
6
What is the hundreds digit of 2060/(4 + -8)*15/(-25)?
3
Let j = -51 - -54. Suppose -j = -3*o + 171. What is the tens digit of o?
5
Suppose -4*v - 4*p = -252, -5*v + 315 = -8*p + 4*p. What is the tens digit of v?
6
Let v(c) be the second derivative of -c**5/20 + c**4/12 + 5*c**3/6 + 2*c**2 + c. Let w(b) = b**2 - b - 3. Let l be w(0). What is the tens digit of v(l)?
2
Suppose -18 = -p + 3*t - 4, 0 = -3*p + 2*t + 14. Suppose -p*i - 16 = -2*q + 2*i, q - 4 = -2*i. What is the units digit of q?
6
Suppose -3*b = -5*x + 48, 3*x = 4*x + 2*b - 20. Suppose 22 = 5*r - 3. Let f = x - r. What is the units digit of f?
7
Let a(i) = -7*i + 337. What is the hundreds digit of a(0)?
3
Let n(h) = 6*h**2 + 2. Let a be n(-2). Suppose -a = -x + 41. What is the units digit of x?
7
Let w = 29 - 27. Suppose -106 = -w*k + 4. What is the units digit of k?
5
Let n(l) = 2*l**2 - 10*l + 8. Let o be n(5). Let g = o + -11. What is the units digit of (10 + -3)/((-1)/g)?
1
Let k(i) = -8*i - 9*i**3 + 10*i**2 + 18*i**3 + 7 - 8*i**3. What is the units digit of k(-10)?
7
Let u(g) be the first derivative of -g**2/2 + 11*g - 3. Let b be u(7). What is the units digit of 6/b + 22/4?
7
Let p(o) = 801*o**2 + 92*o - 187. What is the units digit of p(2)?
1
Let i(f) = 17*f**3 - 3*f**2 + 8*f - 1. What is the hundreds digit of i(2)?
1
What is the tens digit of 36*(181/4 - -10)?
8
Suppose 4*o - 96 = -4*l, l = -5*o + 54 + 66. Let r = 5 + o. What is the tens digit of (-1)/((3/r)/(-3))?
2
Suppose -7*x + 85 = -90. Let f(a) = 4*a - x - 2*a + 3*a. What is the tens digit of f(20)?
7
Let o(z) = -z**3 - 16*z**2 + 17*z + 8. Let p be o(-17). Suppose -124 + p = -4*t. What is the units digit of t?
9
Suppose -f + 2*f + 3*a - 6 = 0, -f - 4 = -2*a. Suppose 6*t - t - 30 = f. What is the units digit of t?
6
Suppose -9*u + u = 24. Let j(x) = 3*x**2 - 3*x + 3. What is the units digit of j(u)?
9
Let l = 8678 - 5272. What is the hundreds digit of l?
4
Let t(f) = -16*f + 7*f + 7*f**2 + 3 + 10*f. What is the hundreds digit of t(5)?
1
Let o = 322 - 479. Let s = 230 + o. What is the units digit of s?
3
Let q(l) = l**2 + 